{"id":114,"date":"2022-03-08T10:30:50","date_gmt":"2022-03-08T10:30:50","guid":{"rendered":"https:\/\/iascareproject.us.edu.pl\/?page_id=114"},"modified":"2022-03-15T19:16:24","modified_gmt":"2022-03-15T19:16:24","slug":"conference","status":"publish","type":"page","link":"https:\/\/iascareproject.us.edu.pl\/index.php\/conference\/","title":{"rendered":"CONFERENCE"},"content":{"rendered":"<hr \/>\n<p><strong><a href=\"https:\/\/iascareproject.us.edu.pl\/index.php\/programme\/\">Program<\/a> \u00a0\u00a0\u00a0\u00a0\u00a0\u00a0\u00a0\u00a0\u00a0\u00a0\u00a0\u00a0 <a href=\"https:\/\/iascareproject.us.edu.pl\/index.php\/rodo-pl\/\">RODO<\/a><\/strong><\/p>\n<hr \/>\n<p>Serdecznie zapraszamy na konferencj\u0119 otwieraj\u0105c\u0105 projekt<br \/>\npt. \u201e<em>Zintegrowane podej\u015bcie do ochrony ekosystem\u00f3w przed inwazyjnymi ro\u015blinami obcymi w po\u0142udniowej Polsce<\/em> \u2013 <strong>IAS\/EcoSystemCARE<\/strong>\u201d, realizowany w\u00a0ramach Programu Operacyjnego \u201e\u015arodowisko, Energia i Zmiany Klimatu\u201d i finansowany ze \u015brodk\u00f3w Mechanizmu Finansowego EOG 2014-2021 na \u201eZwi\u0119kszenie ochrony ekosystem\u00f3w przed inwazyjnymi gatunkami obcymi\u201d.<\/p>\n<p>Podczas konferencji przedstawione zostan\u0105 m.in. g\u0142\u00f3wne za\u0142o\u017cenia i cele projektu oraz informacje na temat \u017ar\u00f3de\u0142 jego finansowania. Zakres dzia\u0142a\u0144 planowanych w ramach projektu, zaprezentuj\u0105 przedstawiciele Konsorcjum:<\/p>\n<p><em>Uniwersytet \u015al\u0105ski w Katowicach,<\/em><\/p>\n<p><em>Norwegian Institute of Bioeconomy Research<\/em><em> NIBIO,<\/em><\/p>\n<p><em>Uniwersytet Rolniczy im. H. Ko\u0142\u0142\u0105taja w Krakowie,<\/em><\/p>\n<p><em>Instytut Technologiczno-Przyrodniczy Pa\u0144stwowy Instytut Badawczy,<\/em><\/p>\n<p><em>Magurski Park Narodowy,<\/em><\/p>\n<p><em>Instytut Zootechniki &#8211; Pa\u0144stwowy Instytut Badawczy,<\/em><\/p>\n<p><em>Instytut Ochrony Przyrody Polskiej Akademii Nauk w Krakowie.<\/em><\/p>\n<p>&nbsp;<\/p>\n<p>Organizatorem konferencji jest Lider Projektu &#8211; Uniwersytet \u015al\u0105ski.<\/p>\n<p>Spotkanie odb\u0119dzie si\u0119 16 marca 2022 r. \u00a0w godzinach 9.15-15.00 na Platformie Microsoft TEAMS.<\/p>\n<p>W imieniu organizator\u00f3w<\/p>\n<p><em>Katarzyna Bzd\u0119ga<\/em><\/p>\n<p>koordynator projektu<\/p>\n","protected":false},"excerpt":{"rendered":"<p>Program \u00a0\u00a0\u00a0\u00a0\u00a0\u00a0\u00a0\u00a0\u00a0\u00a0\u00a0\u00a0 RODO Serdecznie zapraszamy na konferencj\u0119 otwieraj\u0105c\u0105 projekt pt. \u201eZintegrowane podej\u015bcie do ochrony ekosystem\u00f3w przed inwazyjnymi ro\u015blinami obcymi w po\u0142udniowej Polsce \u2013 IAS\/EcoSystemCARE\u201d, realizowany w\u00a0ramach Programu Operacyjnego \u201e\u015arodowisko, Energia i Zmiany Klimatu\u201d i finansowany ze \u015brodk\u00f3w Mechanizmu Finansowego EOG 2014-2021 na \u201eZwi\u0119kszenie ochrony ekosystem\u00f3w przed inwazyjnymi gatunkami obcymi\u201d. Podczas [&hellip;]<\/p>\n","protected":false},"author":1,"featured_media":0,"parent":0,"menu_order":0,"comment_status":"closed","ping_status":"closed","template":"","meta":{"footnotes":""},"class_list":["post-114","page","type-page","status-publish","hentry"],"_links":{"self":[{"href":"https:\/\/iascareproject.us.edu.pl\/index.php\/wp-json\/wp\/v2\/pages\/114","targetHints":{"allow":["GET"]}}],"collection":[{"href":"https:\/\/iascareproject.us.edu.pl\/index.php\/wp-json\/wp\/v2\/pages"}],"about":[{"href":"https:\/\/iascareproject.us.edu.pl\/index.php\/wp-json\/wp\/v2\/types\/page"}],"author":[{"embeddable":true,"href":"https:\/\/iascareproject.us.edu.pl\/index.php\/wp-json\/wp\/v2\/users\/1"}],"replies":[{"embeddable":true,"href":"https:\/\/iascareproject.us.edu.pl\/index.php\/wp-json\/wp\/v2\/comments?post=114"}],"version-history":[{"count":12,"href":"https:\/\/iascareproject.us.edu.pl\/index.php\/wp-json\/wp\/v2\/pages\/114\/revisions"}],"predecessor-version":[{"id":324,"href":"https:\/\/iascareproject.us.edu.pl\/index.php\/wp-json\/wp\/v2\/pages\/114\/revisions\/324"}],"wp:attachment":[{"href":"https:\/\/iascareproject.us.edu.pl\/index.php\/wp-json\/wp\/v2\/media?parent=114"}],"curies":[{"name":"wp","href":"https:\/\/api.w.org\/{rel}","templated":true}]}}

<hr />
<p><strong><a href="https://iascareproject.us.edu.pl/index.php/programme/">Program</a>              <a href="https://iascareproject.us.edu.pl/index.php/rodo-pl/">RODO</a></strong></p>
<hr />
<p>Serdecznie zapraszamy na konferencję otwierającą projekt<br />
pt. „<em>Zintegrowane podejście do ochrony ekosystemów przed inwazyjnymi roślinami obcymi w południowej Polsce</em> – <strong>IAS/EcoSystemCARE</strong>”, realizowany w ramach Programu Operacyjnego „Środowisko, Energia i Zmiany Klimatu” i finansowany ze środków Mechanizmu Finansowego EOG 2014-2021 na „Zwiększenie ochrony ekosystemów przed inwazyjnymi gatunkami obcymi”.</p>
<p>Podczas konferencji przedstawione zostaną m.in. główne założenia i cele projektu oraz informacje na temat źródeł jego finansowania. Zakres działań planowanych w ramach projektu, zaprezentują przedstawiciele Konsorcjum:</p>
<p><em>Uniwersytet Śląski w Katowicach,</em></p>
<p><em>Norwegian Institute of Bioeconomy Research</em><em> NIBIO,</em></p>
<p><em>Uniwersytet Rolniczy im. H. Kołłątaja w Krakowie,</em></p>
<p><em>Instytut Technologiczno-Przyrodniczy Państwowy Instytut Badawczy,</em></p>
<p><em>Magurski Park Narodowy,</em></p>
<p><em>Instytut Zootechniki &#8211; Państwowy Instytut Badawczy,</em></p>
<p><em>Instytut Ochrony Przyrody Polskiej Akademii Nauk w Krakowie.</em></p>
<p>&nbsp;</p>
<p>Organizatorem konferencji jest Lider Projektu &#8211; Uniwersytet Śląski.</p>
<p>Spotkanie odbędzie się 16 marca 2022 r.  w godzinach 9.15-15.00 na Platformie Microsoft TEAMS.</p>
<p>W imieniu organizatorów</p>
<p><em>Katarzyna Bzdęga</em></p>
<p>koordynator projektu</p>

<p>Program              RODO Serdecznie zapraszamy na konferencję otwierającą projekt pt. „Zintegrowane podejście do ochrony ekosystemów przed inwazyjnymi roślinami obcymi w południowej Polsce – IAS/EcoSystemCARE”, realizowany w ramach Programu Operacyjnego „Środowisko, Energia i Zmiany Klimatu” i finansowany ze środków Mechanizmu Finansowego EOG 2014-2021 na „Zwiększenie ochrony ekosystemów przed inwazyjnymi gatunkami obcymi”. Podczas [&hellip;]</p>
